actors of 1539 - (38/76)/(1/(-10)).
2, 193
Let k(q) = 613*q**2 - 160*q - 648. List the prime factors of k(-4).
2, 5, 7
Let s be (-204)/(-20) + (-36)/(-45). Suppose y + s*n = 6*n + 321, -y + n = -321. List the prime factors of y.
3, 107
Let k = -65 - -37. Let u = 54 + k. What are the prime factors of 24/(-156) - (-2864)/u?
2, 5, 11
Suppose -3*s + 317 = -5*m, s - 213 = 5*m + 96. Suppose 90*j - 79*j = -2002. Let a = m - j. List the prime factors of a.
11
Suppose 0 = 3*w - b - 1677, 5*w + 42*b = 38*b + 2812. What are the prime factors of w?
2, 5, 7
Suppose q + 2*u - 15 = 0, 4*u + 20 = 3*q + 5*u. Suppose 2*d = -q*w + 5107, w = -5*d + 685 + 318. What are the prime factors of w?
3, 11, 31
Let m(w) be the first derivative of w**4/4 - 14*w**3/3 - w**2 + 7*w + 10. Let t be m(14). Let b = t + 105. What are the prime factors of b?
2, 3, 7
Let c(s) = 176*s - 189. Let v be c(6). Let q = v - 195. What are the prime factors of q?
2, 3, 7
Let k(b) = 2*b. Let f be k(3). Suppose 472*n - 461*n - 2365 = 0. Suppose 5*z - n = -5*d, 15 = d - f*d. What are the prime factors of z?
2, 23
Suppose -3*x + 7 - 9 = -g, -2 = 4*x - 2*g. Let q(d) be the first derivative of 65*d**3/3 + 3*d**2/2 + 2*d + 2. What are the prime factors of q(x)?
2
Let d be -3 + 4 + (0 - 1). Suppose d - 20 = -3*h - 5*s, -2*h = 3*s - 13. Suppose p + u = h*u + 10, 13 = p - 3*u. List the prime factors of p.
2, 11
Let b = 16 - 10. Let m(x) = 2*x - 10. Let c be m(b). Suppose -d + c = -30. What are the prime factors of d?
2
Let n be (-2 + 4 - 4) + 6. Let i(v) = 8327 - 2772 + 17*v - 2786 - 2783. What are the prime factors of i(n)?
2, 3
Let u be (8/6)/((-10)/(-15)). Suppose -5*o = -0*p - u*p + 82, 5*o + 5*p = -75. Let b = o + 25. What are the prime factors of b?
3
Let y(r) = -6*r**2 + 561. Let x be y(0). Suppose -5*c + x - 76 = 0. What are the prime factors of c?
97
Suppose -1535 = -10*c - 105. Suppose 0 = -c*x + 139*x + 564. List the prime factors of x.
3, 47
Let p(j) = -j**3 - 7*j**2 + 10*j + 13. Let i = -403 + 393. What are the prime factors of p(i)?
3, 71
Suppose 70*l = 81*l - 198. Suppose 5*o - 2*x = 4014, -o = -22*x + l*x - 810. List the prime factors of o.
2, 401
List the prime factors of (-4)/(-10) - (-999636)/660.
3, 5, 101
Let m(l) = 10*l**2 + 6*l. Let u be m(-1). Suppose -55 = -7*o - u*o. Suppose o*f = -4*j + 409, 4*f - 324 = -0*f - 4*j. List the prime factors of f.
5, 17
Suppose -2*y + 30 = 4*o, 2 = 4*o - y - 13. Suppose -o*m = -p - 644, 2*m - 137 = 3*p + 118. What are the prime factors of m?
3, 43
Let y = 671 - -12692. What are the prime factors of y?
7, 23, 83
Let p be (-21)/(-4) + 2*1/(-8). Suppose 0 = p*s + 7*g - 3*g - 1840, 368 = s - 5*g. List the prime factors of s.
2, 23
Let n = -5166 - -11250. What are the prime factors of n?
2, 3, 13
Let d(w) = 35*w**3 - 5*w**2 + 13*w + 45. What are the prime factors of d(7)?
2, 1487
Let b be ((-3)/(-6)*2)/(-1)*-3. Suppose -2*g - 6 = -b*p - 2, 9 = 5*p - g. Suppose 2*r = -2, -p*r + 37 = 3*c - 2*c. What are the prime factors of c?
3, 13
Let r = -5057 + 8866. What are the prime factors of r?
13, 293
Let a(x) = -x**2 + 10*x + 16. Let q be a(16). Let n = -77 - q. Suppose 0*t + 138 = h - t, -n*h = -4*t - 419. List the prime factors of h.
7, 19
What are the prime factors of (-4)/3*(-91689)/26?
2, 2351
Suppose 24*a = 52*a - 36*a + 104792. What are the prime factors of a?
13099
Suppose x + 5*m - 4 + 26 = 0, 0 = -4*x + 2*m + 22. Suppose -5*d + x*t = -2097, -5*t - 53 = -5*d + 2042. List the prime factors of d.
2, 3, 5, 7
Suppose 34*y - 24370 = 27650. List the prime factors of y.
2, 3, 5, 17
Let x = -1 - -4. Let v(n) be the third derivative of n**6/120 - n**5/30 + n**4/24 + 5*n**3/6 - 1025*n**2. List the prime factors of v(x).
17
Let j = 30 - 26. Suppose 2*f - f - j = 0. Suppose f*d + 0*d + n - 16 = 0, -5*n + 16 = 4*d. List the prime factors of d.
2
Let u(a) = 1793*a - 1238. List the prime factors of u(6).
2, 5, 7, 17
Suppose 46*a + 7*a - 191768 = 151566. List the prime factors of a.
2, 41, 79
Let v(r) = -1007*r + 5915. List the prime factors of v(5).
2, 5, 11
Let d(z) = 2*z**3 + 8*z**2 + 2*z - 28. Let n(f) = -f**3 - 4*f**2 - f + 14. Let y(o) = 4*d(o) + 9*n(o). What are the prime factors of y(-6)?
2, 23
Suppose 0 = -4*m - 151 + 979. Let z = -239 + 164. Let t = z + m. What are the prime factors of t?
2, 3, 11
Let i be (26/(-10))/(53/(-2915)). List the prime factors of 658 + -1 - -11*(-13)/i.
2, 41
Suppose -280 = -25*x + 55238 + 17482. List the prime factors of x.
2, 5, 73
Suppose -12*m + 88 = -m. Suppose -1 = -m*n + 23. Suppose -a = n*x + 13, 0 = x - 5*x - 20. List the prime factors of a.
2
Let k(t) = -3 - 29*t**3 + 3*t + t**2 + 25*t**3 + t + 156*t**3. List the prime factors of k(2).
5, 7
Suppose v = 2887 + 13229. List the prime factors of v.
2, 3, 17, 79
Suppose 0 = 4*d + 2*m - 67556, -18*m + 13065 - 46957 = -2*d. What are the prime factors of d?
2, 41, 103
What are the prime factors of (237 - 230)*((-540)/(-21))/2?
2, 3, 5
List the prime factors of (-15)/(180/(-204)) + 14059.
2, 3, 17, 23
Let s = -111 + 84. Let u be (6/18)/((-3)/s). Suppose -u*d - 456 = -7*d. What are the prime factors of d?
2, 3, 19
Let s = -74 - -71. Let b be (-5988)/(-36) + -1*(-1)/s. Let j = -119 + b. What are the prime factors of j?
47
Let a(s) = 4 + 2*s**2 + s + 180*s**3 - 5*s - 179*s**3 + 0*s**2. What are the prime factors of a(-3)?
7
Let p = 16543 - -24987. What are the prime factors of p?
2, 5, 4153
Let j(f) = f**2 - 19*f + 6. Let d be j(29). Let c = 1448 - d. What are the prime factors of c?
2, 3
List the prime factors of 319080/12 - (-2)/(-2 + 0).
3, 8863
Let d = 2693 - 289. List the prime factors of (-3 + 12 - 12)*d/(-6).
2, 601
What are the prime factors of (-48)/(-2) - (-70098 + 288)?
2, 3, 103, 113
Suppose -2*o = 10, 2*x = -5*o - 0 - 25. Suppose x = -g + 175 - 24. What are the prime factors of g/3 + 3 + (-70)/21?
2, 5
Let i(c) be the second derivative of 0 + 15/2*c**2 + 20*c - 1/6*c**3. What are the prime factors of i(5)?
2, 5
Let d = -4226 - -15481. What are the prime factors of d?
5, 2251
Let l = 928 + -921. Let w(b) = 2*b**3 + 6*b**2 - 19*b - 28. List the prime factors of w(l).
3, 7, 13
Suppose 0 = -147*n + 159*n - 15336. List the prime factors of 2/(1*12/n).
3, 71
Suppose 3*v - 6*v = -45. Let r be (-80)/(-24)*27/v. List the prime factors of ((-152)/(-12))/(r/9).
19
Let f = 65 - 40. Suppose 2*b - 3*b + 3*g + 29 = 0, 5*g + f = 0. Suppose -b*q + 309 = -11*q. What are the prime factors of q?
103
Let w be (9810/(-63)*1)/(2/(-14)). Let r = w - 416. What are the prime factors of r?
2, 337
Let b(o) = 3*o**2 - 87*o + 375. List the prime factors of b(40).
3, 5, 113
Let y = 50486 - 34890. List the prime factors of y.
2, 7, 557
Let r = 28938 + -10641. What are the prime factors of r?
3, 19, 107
Suppose -5*z = -3*k + 32427, -5*z = -k + 5678 + 5131. What are the prime factors of k?
3, 1201
Let g(x) = -x + 23. Let l be g(21). Suppose l*p + 401 = -4*r + 5*p, -5*r = 4*p + 509. Let m = 143 + r. List the prime factors of m.
2, 3, 7
Let v = 9 - 19. Let g(l) = -2*l - 20. Let m be g(v). What are the prime factors of 42*(2 - m - 1)?
2, 3, 7
List the prime factors of 40429 + ((-8)/(-18) - (-4 + 20/(-36))).
2, 3, 23, 293
Suppose 10 = 2*d + 6. List the prime factors of 4 - (d - (-207)/(-3)).
71
Let f(k) = -12*k - 23. Let r be f(-14). Suppose 0 = -v, 0 = o - 3*v + 2*v + r. Let y = -65 - o. List the prime factors of y.
2, 5
Let q(k) = -870*k - 1411. What are the prime factors of q(-6)?
13, 293
Let h = 10471 + -4344. What are the prime factors of h?
11, 557
Suppose 3*j + 12 = -5*x, -3*j - 2*j - 20 = 0. Suppose x = 2*s - 5*s + 15. Suppose h - 65 = a, s*h + 2*a - 353 = -0*a. What are the prime factors of h?
3, 23
Suppose -87 = -13*h + 43. Suppose -h*v + 13767 + 1683 = 0. List the prime factors of v.
3, 5, 103
Let g(d) = 2*d**3 - 3*d**3 + 1 - 11*d + 15*d. Let o be g(-2). What are the prime factors of (-2670)/(-75)*(o - -4)?
2, 89
Suppose x + 121 = 2*l - 4*x, -3*x + 213 = 3*l. Suppose 0 = l*q - 63*q - 80. List the prime factors of q.
2
Let l(g) = -17*g - 4. Let q(z) = -z**2 - z + 4. Let m be q(2). Let k be l(m). Suppose f - 3*i - 70 = 0, 3*f + 5*i + k = 184. List the prime factors of f.
2, 29
Let m = 5430 - 3154. List the prime factors of m.
2, 569
Suppose -12*n + 13*n + 3*y - 20 = 0, -2*n + 4*y - 10 = 0. Su